{"id":43,"date":"2019-04-13T04:20:10","date_gmt":"2019-04-13T02:20:10","guid":{"rendered":"http:\/\/equivabien.fr\/?page_id=43"},"modified":"2022-10-14T19:12:16","modified_gmt":"2022-10-14T17:12:16","slug":"qui-suis-je","status":"publish","type":"page","link":"https:\/\/equivabien.fr\/","title":{"rendered":"Pr\u00e9sentation"},"content":{"rendered":"\n<figure class=\"wp-block-image size-large\"><img loading=\"lazy\" width=\"1024\" height=\"212\" src=\"https:\/\/equivabien.fr\/wp-content\/uploads\/2022\/10\/Hirondelles2-1-1024x212.jpg\" alt=\"\" class=\"wp-image-284\" srcset=\"https:\/\/equivabien.fr\/wp-content\/uploads\/2022\/10\/Hirondelles2-1-1024x212.jpg 1024w, https:\/\/equivabien.fr\/wp-content\/uploads\/2022\/10\/Hirondelles2-1-300x62.jpg 300w, https:\/\/equivabien.fr\/wp-content\/uploads\/2022\/10\/Hirondelles2-1-768x159.jpg 768w, https:\/\/equivabien.fr\/wp-content\/uploads\/2022\/10\/Hirondelles2-1-1536x317.jpg 1536w, https:\/\/equivabien.fr\/wp-content\/uploads\/2022\/10\/Hirondelles2-1-2048x423.jpg 2048w\" sizes=\"(max-width: 1024px) 100vw, 1024px\" \/><\/figure>\n\n\n\n<p>BIENVENUE<br>J&rsquo;ai le plaisir de vous pr\u00e9senter ici diff\u00e9rentes activit\u00e9s et ressources sur les bienfaits r\u00e9ciproques des interactions entre humains et animaux. Je pense qu&rsquo;en nous penchant sur l&rsquo;am\u00e9lioration du bien-\u00eatre des animaux, nous enrichissons non seulement notre connexion avec eux mais nous grandissons aussi en tant qu&rsquo;\u00eatre humain : nous d\u00e9veloppons nos capacit\u00e9s individuelles et relationnelles.<\/p>\n\n\n\n<figure class=\"wp-container-2 wp-block-gallery-1 wp-block-gallery aligncenter has-nested-images columns-default is-cropped\">\n<figure class=\"wp-block-image size-full is-style-default\" style=\"border-radius:0px\"><img loading=\"lazy\" width=\"1678\" height=\"2092\" data-id=\"285\"  src=\"https:\/\/equivabien.fr\/wp-content\/uploads\/2022\/10\/DSCN2744.jpg\" alt=\"\" class=\"wp-image-285\" srcset=\"https:\/\/equivabien.fr\/wp-content\/uploads\/2022\/10\/DSCN2744.jpg 1678w, https:\/\/equivabien.fr\/wp-content\/uploads\/2022\/10\/DSCN2744-241x300.jpg 241w, https:\/\/equivabien.fr\/wp-content\/uploads\/2022\/10\/DSCN2744-821x1024.jpg 821w, https:\/\/equivabien.fr\/wp-content\/uploads\/2022\/10\/DSCN2744-768x957.jpg 768w, https:\/\/equivabien.fr\/wp-content\/uploads\/2022\/10\/DSCN2744-1232x1536.jpg 1232w, https:\/\/equivabien.fr\/wp-content\/uploads\/2022\/10\/DSCN2744-1643x2048.jpg 1643w\" sizes=\"(max-width: 1678px) 100vw, 1678px\" \/><\/figure>\n<\/figure>\n\n\n\n<p class=\"has-text-align-left\">QUI SUIS JE ?<br>Je suis C\u00e9cile. Je chemine avec les animaux depuis l&rsquo;automne 2011, p\u00e9riode \u00e0 laquelle j&rsquo;ai laiss\u00e9 une chatte entrer dans ma vie. Depuis, d&rsquo;autres animaux de diff\u00e9rentes esp\u00e8ces l&rsquo;ont rejoint : chiens, chevaux, poules et d&rsquo;autres chats, (quelques uns nous ont quitt\u00e9 aussi).  <br>Chacun d&rsquo;entre eux enrichit ma vie et me fait avancer sur mon chemin d&rsquo;humain. Ils me coachent au quotidien : gr\u00e2ce \u00e0 eux, j&rsquo;apprends \u00e0 accueillir et \u00e0 \u00e9couter mes \u00e9motions. Je d\u00e9couvre et soigne mes blessures. Je d\u00e9veloppe mes ressources et mes capacit\u00e9s. Ma vie est de plus en plus en accord avec qui je suis et mes valeurs.<br>Je  me suis form\u00e9e au coaching (coach certifi\u00e9 professionnel) et \u00e0 l&rsquo;\u00e9ducation canine r\u00e9ciproque. Je travaille actuellement avec ma jument dans un esprit de coop\u00e9ration.<br>Derni\u00e8rement, j&rsquo;ai aussi d\u00e9but\u00e9 une formation pour communiquer avec les animaux.<\/p>\n\n\n\n<p><\/p>\n\n\n\n<p><\/p>\n\n\n\n<p><\/p>\n","protected":false},"excerpt":{"rendered":"<p>BIENVENUEJ&rsquo;ai le plaisir de vous pr\u00e9senter ici diff\u00e9rentes activit\u00e9s et ressources sur les bienfaits r\u00e9ciproques des interactions entre humains et animaux. Je pense qu&rsquo;en nous penchant sur l&rsquo;am\u00e9lioration du bien-\u00eatre des animaux, nous enrichissons non seulement notre connexion avec eux mais nous grandissons aussi en tant qu&rsquo;\u00eatre humain : nous d\u00e9veloppons nos capacit\u00e9s individuelles et [&hellip;]<\/p>\n","protected":false},"author":1,"featured_media":0,"parent":0,"menu_order":0,"comment_status":"closed","ping_status":"closed","template":"","meta":[],"_links":{"self":[{"href":"https:\/\/equivabien.fr\/index.php?rest_route=\/wp\/v2\/pages\/43"}],"collection":[{"href":"https:\/\/equivabien.fr\/index.php?rest_route=\/wp\/v2\/pages"}],"about":[{"href":"https:\/\/equivabien.fr\/index.php?rest_route=\/wp\/v2\/types\/page"}],"author":[{"embeddable":true,"href":"https:\/\/equivabien.fr\/index.php?rest_route=\/wp\/v2\/users\/1"}],"replies":[{"embeddable":true,"href":"https:\/\/equivabien.fr\/index.php?rest_route=%2Fwp%2Fv2%2Fcomments&post=43"}],"version-history":[{"count":23,"href":"https:\/\/equivabien.fr\/index.php?rest_route=\/wp\/v2\/pages\/43\/revisions"}],"predecessor-version":[{"id":286,"href":"https:\/\/equivabien.fr\/index.php?rest_route=\/wp\/v2\/pages\/43\/revisions\/286"}],"wp:attachment":[{"href":"https:\/\/equivabien.fr\/index.php?rest_route=%2Fwp%2Fv2%2Fmedia&parent=43"}],"curies":[{"name":"wp","href":"https:\/\/api.w.org\/{rel}","templated":true}]}}